[INFO] fetching crate rcc4r 0.1.0...
[INFO] checking rcc4r-0.1.0 against master#e6e4f7ed1589e03bc2f6c5931c1a72e7947e8682 for beta-170-4
[INFO] extracting crate rcc4r 0.1.0 into /workspace/builds/worker-7-tc2/source
[INFO] validating manifest of crates.io crate rcc4r 0.1.0 on toolchain e6e4f7ed1589e03bc2f6c5931c1a72e7947e8682
[INFO] running `Command { std: CARGO_HOME="/workspace/cargo-home" RUSTUP_HOME="/workspace/rustup-home" "/workspace/cargo-home/bin/cargo" "+e6e4f7ed1589e03bc2f6c5931c1a72e7947e8682" "metadata" "--manifest-path" "Cargo.toml" "--no-deps", kill_on_drop: false }`
[INFO] started tweaking crates.io crate rcc4r 0.1.0
[INFO] finished tweaking crates.io crate rcc4r 0.1.0
[INFO] tweaked toml for crates.io crate rcc4r 0.1.0 written to /workspace/builds/worker-7-tc2/source/Cargo.toml
[INFO] crate crates.io crate rcc4r 0.1.0 already has a lockfile, it will not be regenerated
[INFO] running `Command { std: CARGO_HOME="/workspace/cargo-home" RUSTUP_HOME="/workspace/rustup-home" "/workspace/cargo-home/bin/cargo" "+e6e4f7ed1589e03bc2f6c5931c1a72e7947e8682" "fetch" "--manifest-path" "Cargo.toml", kill_on_drop: false }`
[INFO] running `Command { std: "docker" "create" "-v" "/var/lib/crater-agent-workspace/builds/worker-7-tc2/target:/opt/rustwide/target:rw,Z" "-v" "/var/lib/crater-agent-workspace/builds/worker-7-tc2/source:/opt/rustwide/workdir:ro,Z" "-v" "/var/lib/crater-agent-workspace/cargo-home:/opt/rustwide/cargo-home:ro,Z" "-v" "/var/lib/crater-agent-workspace/rustup-home:/opt/rustwide/rustup-home:ro,Z" "-e" "SOURCE_DIR=/opt/rustwide/workdir" "-e" "CARGO_TARGET_DIR=/opt/rustwide/target" "-e" "CARGO_HOME=/opt/rustwide/cargo-home" "-e" "RUSTUP_HOME=/opt/rustwide/rustup-home" "-w" "/opt/rustwide/workdir" "-m" "1610612736" "--user" "0:0" "--network" "none" "ghcr.io/rust-lang/crates-build-env/linux@sha256:19e73879b68f455e41552ea35293514db52ea292d993f571636dbffedb77a1ee" "/opt/rustwide/cargo-home/bin/cargo" "+e6e4f7ed1589e03bc2f6c5931c1a72e7947e8682" "metadata" "--no-deps" "--format-version=1", kill_on_drop: false }`
[INFO] [stdout] 54a66cf6ec2763acfe9059ea651585d2a7ce16f75abcf5b54c835daf579a7e52
[INFO] running `Command { std: "docker" "start" "-a" "54a66cf6ec2763acfe9059ea651585d2a7ce16f75abcf5b54c835daf579a7e52", kill_on_drop: false }`
[INFO] running `Command { std: "docker" "inspect" "54a66cf6ec2763acfe9059ea651585d2a7ce16f75abcf5b54c835daf579a7e52", kill_on_drop: false }`
[INFO] running `Command { std: "docker" "rm" "-f" "54a66cf6ec2763acfe9059ea651585d2a7ce16f75abcf5b54c835daf579a7e52", kill_on_drop: false }`
[INFO] [stdout] 54a66cf6ec2763acfe9059ea651585d2a7ce16f75abcf5b54c835daf579a7e52
[INFO] running `Command { std: "docker" "create" "-v" "/var/lib/crater-agent-workspace/builds/worker-7-tc2/target:/opt/rustwide/target:rw,Z" "-v" "/var/lib/crater-agent-workspace/builds/worker-7-tc2/source:/opt/rustwide/workdir:ro,Z" "-v" "/var/lib/crater-agent-workspace/cargo-home:/opt/rustwide/cargo-home:ro,Z" "-v" "/var/lib/crater-agent-workspace/rustup-home:/opt/rustwide/rustup-home:ro,Z" "-e" "SOURCE_DIR=/opt/rustwide/workdir" "-e" "CARGO_TARGET_DIR=/opt/rustwide/target" "-e" "CARGO_INCREMENTAL=0" "-e" "RUST_BACKTRACE=full" "-e" "RUSTFLAGS=--cap-lints=forbid" "-e" "RUSTDOCFLAGS=--cap-lints=forbid" "-e" "CARGO_HOME=/opt/rustwide/cargo-home" "-e" "RUSTUP_HOME=/opt/rustwide/rustup-home" "-w" "/opt/rustwide/workdir" "-m" "1610612736" "--user" "0:0" "--network" "none" "ghcr.io/rust-lang/crates-build-env/linux@sha256:19e73879b68f455e41552ea35293514db52ea292d993f571636dbffedb77a1ee" "/opt/rustwide/cargo-home/bin/cargo" "+e6e4f7ed1589e03bc2f6c5931c1a72e7947e8682" "check" "--frozen" "--all" "--all-targets" "--message-format=json", kill_on_drop: false }`
[INFO] [stdout] 0d8e94a3921d82b98f4f653d3e97394afd5c49c63f0f0c326ad90183f11677ee
[INFO] running `Command { std: "docker" "start" "-a" "0d8e94a3921d82b98f4f653d3e97394afd5c49c63f0f0c326ad90183f11677ee", kill_on_drop: false }`
[INFO] [stderr]    Compiling libc v0.2.74
[INFO] [stderr]     Checking rcc4r v0.1.0 (/opt/rustwide/workdir)
[INFO] [stdout] error[E0635]: unknown feature `ptr_wrapping_offset_from`
[INFO] [stdout]  --> src/main.rs:2:12
[INFO] [stdout]   |
[INFO] [stdout] 2 | #![feature(ptr_wrapping_offset_from)]
[INFO] [stdout]   |            ^^^^^^^^^^^^^^^^^^^^^^^^
[INFO] [stdout] 
[INFO] [stdout] 
[INFO] [stdout] error[E0635]: unknown feature `ptr_wrapping_offset_from`
[INFO] [stdout]  --> src/main.rs:2:12
[INFO] [stdout]   |
[INFO] [stdout] 2 | #![feature(ptr_wrapping_offset_from)]
[INFO] [stdout]   |            ^^^^^^^^^^^^^^^^^^^^^^^^
[INFO] [stdout] 
[INFO] [stdout] 
[INFO] [stdout] error[E0599]: no method named `wrapping_offset_from` found for raw pointer `*mut i8` in the current scope
[INFO] [stdout]    --> src/main.rs:137:79
[INFO] [stdout]     |
[INFO] [stdout] 137 |                 printf(b"%d: %.*s\x00" as *const u8 as *const c_char, line, p.wrapping_offset_from(lp) as ssize_t, lp);
[INFO] [stdout]     |                                                                               ^^^^^^^^^^^^^^^^^^^^ help: there is a method with a similar name: `wrapping_offset`
[INFO] [stdout]     |
[INFO] [stdout]     = note: try using `<*const T>::as_ref()` to get a reference to the type behind the pointer: https://doc.rust-lang.org/std/primitive.pointer.html#method.as_ref
[INFO] [stdout]     = note: using `<*const T>::as_ref()` on a pointer which is unaligned or points to invalid or uninitialized memory is undefined behavior
[INFO] [stdout] 
[INFO] [stdout] 
[INFO] [stdout] error[E0599]: no method named `wrapping_offset_from` found for raw pointer `*mut i8` in the current scope
[INFO] [stdout]    --> src/main.rs:137:79
[INFO] [stdout]     |
[INFO] [stdout] 137 |                 printf(b"%d: %.*s\x00" as *const u8 as *const c_char, line, p.wrapping_offset_from(lp) as ssize_t, lp);
[INFO] [stdout]     |                                                                               ^^^^^^^^^^^^^^^^^^^^ help: there is a method with a similar name: `wrapping_offset`
[INFO] [stdout]     |
[INFO] [stdout]     = note: try using `<*const T>::as_ref()` to get a reference to the type behind the pointer: https://doc.rust-lang.org/std/primitive.pointer.html#method.as_ref
[INFO] [stdout]     = note: using `<*const T>::as_ref()` on a pointer which is unaligned or points to invalid or uninitialized memory is undefined behavior
[INFO] [stdout] 
[INFO] [stdout] 
[INFO] [stdout] error[E0599]: no method named `wrapping_offset_from` found for raw pointer `*mut i8` in the current scope
[INFO] [stdout]    --> src/main.rs:164:41
[INFO] [stdout]     |
[INFO] [stdout] 164 |             tk = (tk << 6 as c_int) + p.wrapping_offset_from(pp) as ssize_t;
[INFO] [stdout]     |                                         ^^^^^^^^^^^^^^^^^^^^ help: there is a method with a similar name: `wrapping_offset`
[INFO] [stdout]     |
[INFO] [stdout]     = note: try using `<*const T>::as_ref()` to get a reference to the type behind the pointer: https://doc.rust-lang.org/std/primitive.pointer.html#method.as_ref
[INFO] [stdout]     = note: using `<*const T>::as_ref()` on a pointer which is unaligned or points to invalid or uninitialized memory is undefined behavior
[INFO] [stdout] 
[INFO] [stdout] 
[INFO] [stdout] error[E0599]: no method named `wrapping_offset_from` found for raw pointer `*mut i8` in the current scope
[INFO] [stdout]    --> src/main.rs:164:41
[INFO] [stdout]     |
[INFO] [stdout] 164 |             tk = (tk << 6 as c_int) + p.wrapping_offset_from(pp) as ssize_t;
[INFO] [stdout]     |                                         ^^^^^^^^^^^^^^^^^^^^ help: there is a method with a similar name: `wrapping_offset`
[INFO] [stdout]     |
[INFO] [stdout]     = note: try using `<*const T>::as_ref()` to get a reference to the type behind the pointer: https://doc.rust-lang.org/std/primitive.pointer.html#method.as_ref
[INFO] [stdout]     = note: using `<*const T>::as_ref()` on a pointer which is unaligned or points to invalid or uninitialized memory is undefined behavior
[INFO] [stdout] 
[INFO] [stdout] 
[INFO] [stdout] error[E0599]: no method named `wrapping_offset_from` found for raw pointer `*mut i8` in the current scope
[INFO] [stdout]    --> src/main.rs:167:148
[INFO] [stdout]     |
[INFO] [stdout] 167 | ..., pp as *const c_void, p.wrapping_offset_from(pp) as ssize_t as size_t) == 0 {
[INFO] [stdout]     |                             ^^^^^^^^^^^^^^^^^^^^ help: there is a method with a similar name: `wrapping_offset`
[INFO] [stdout]     |
[INFO] [stdout]     = note: try using `<*const T>::as_ref()` to get a reference to the type behind the pointer: https://doc.rust-lang.org/std/primitive.pointer.html#method.as_ref
[INFO] [stdout]     = note: using `<*const T>::as_ref()` on a pointer which is unaligned or points to invalid or uninitialized memory is undefined behavior
[INFO] [stdout] 
[INFO] [stdout] 
[INFO] [stdout] error[E0599]: no method named `wrapping_offset_from` found for raw pointer `*mut i8` in the current scope
[INFO] [stdout]    --> src/main.rs:167:148
[INFO] [stdout]     |
[INFO] [stdout] 167 | ..., pp as *const c_void, p.wrapping_offset_from(pp) as ssize_t as size_t) == 0 {
[INFO] [stdout]     |                             ^^^^^^^^^^^^^^^^^^^^ help: there is a method with a similar name: `wrapping_offset`
[INFO] [stdout]     |
[INFO] [stdout]     = note: try using `<*const T>::as_ref()` to get a reference to the type behind the pointer: https://doc.rust-lang.org/std/primitive.pointer.html#method.as_ref
[INFO] [stdout]     = note: using `<*const T>::as_ref()` on a pointer which is unaligned or points to invalid or uninitialized memory is undefined behavior
[INFO] [stdout] 
[INFO] [stdout] 
[INFO] [stdout] error: aborting due to 4 previous errors
[INFO] [stdout] 
[INFO] [stdout] 
[INFO] [stdout] Some errors have detailed explanations: E0599, E0635.
[INFO] [stdout] 
[INFO] [stdout] For more information about an error, try `rustc --explain E0599`.
[INFO] [stdout] 
[INFO] [stdout] error: aborting due to 4 previous errors
[INFO] [stdout] 
[INFO] [stdout] 
[INFO] [stdout] Some errors have detailed explanations: E0599, E0635.
[INFO] [stdout] 
[INFO] [stdout] For more information about an error, try `rustc --explain E0599`.
[INFO] [stdout] 
[INFO] [stderr] error: could not compile `rcc4r` (bin "rcc4r") due to 5 previous errors
[INFO] [stderr] warning: build failed, waiting for other jobs to finish...
[INFO] [stderr] error: could not compile `rcc4r` (bin "rcc4r" test) due to 5 previous errors
[INFO] running `Command { std: "docker" "inspect" "0d8e94a3921d82b98f4f653d3e97394afd5c49c63f0f0c326ad90183f11677ee", kill_on_drop: false }`
[INFO] running `Command { std: "docker" "rm" "-f" "0d8e94a3921d82b98f4f653d3e97394afd5c49c63f0f0c326ad90183f11677ee", kill_on_drop: false }`
[INFO] [stdout] 0d8e94a3921d82b98f4f653d3e97394afd5c49c63f0f0c326ad90183f11677ee
